{"id":57381,"date":"2024-03-11T17:42:49","date_gmt":"2024-03-11T14:42:49","guid":{"rendered":"https:\/\/aliftasansor.com\/?post_type=product&#038;p=57381"},"modified":"2024-03-28T16:51:09","modified_gmt":"2024-03-28T13:51:09","slug":"yuk-platformu","status":"publish","type":"product","link":"https:\/\/aliftasansor.com\/?product=yuk-platformu","title":{"rendered":"Y\u00fck Platformu"},"content":{"rendered":"<p>End\u00fcstriyel kullan\u0131m amac\u0131 ile \u00fcretilir, NPU i\u00e7inde \u00e7al\u0131\u015fan tekerlekli y\u00fck platformu modelidir. Hortum patlama valfi ve valf kilidi gibi g\u00fcvenlik sistemlerine sahiptir. 100 kg dan 5000 kg kadar kapasitelerde \u00fcretilebilir. \u00fcr. Maksimum platform geni\u015fli\u011fi 1100mm x1700 mm olarak tasarlanabilmektedir. <strong>Standart y\u00fck asans\u00f6rleri<\/strong>\u00a0de hidrolik sistemlidir. 2 Y\u0131l garanti bu sistem tercihlere ba\u011fl\u0131 olarak \u00e7ok daha donan\u0131ml\u0131 olarak da sunulabilmektedir.<\/p>\n","protected":false},"excerpt":{"rendered":"<p>Y\u00fck platformu ile t\u00fcm y\u00fckler sizin i\u00e7in y\u00fck olmaktan \u00e7\u0131kacak.. Detayl\u0131 bilgi i\u00e7in aray\u0131n\u0131z&#8230;<\/p>\n","protected":false},"featured_media":57382,"comment_status":"open","ping_status":"closed","template":"","meta":{"inline_featured_image":false},"product_brand":[],"product_cat":[535],"product_tag":[559,560,558,556,557],"class_list":{"0":"post-57381","1":"product","2":"type-product","3":"status-publish","4":"has-post-thumbnail","6":"product_cat-asansorler","7":"product_tag-alift","8":"product_tag-alift-asansor","9":"product_tag-bursa-yuk-asansoru","10":"product_tag-yuk-asansoru","11":"product_tag-yuk-platformu","12":"description-off","14":"first","15":"instock","16":"sale","17":"taxable","18":"shipping-taxable","19":"purchasable","20":"product-type-simple"},"_links":{"self":[{"href":"https:\/\/aliftasansor.com\/index.php?rest_route=\/wp\/v2\/product\/57381","targetHints":{"allow":["GET"]}}],"collection":[{"href":"https:\/\/aliftasansor.com\/index.php?rest_route=\/wp\/v2\/product"}],"about":[{"href":"https:\/\/aliftasansor.com\/index.php?rest_route=\/wp\/v2\/types\/product"}],"replies":[{"embeddable":true,"href":"https:\/\/aliftasansor.com\/index.php?rest_route=%2Fwp%2Fv2%2Fcomments&post=57381"}],"wp:featuredmedia":[{"embeddable":true,"href":"https:\/\/aliftasansor.com\/index.php?rest_route=\/wp\/v2\/media\/57382"}],"wp:attachment":[{"href":"https:\/\/aliftasansor.com\/index.php?rest_route=%2Fwp%2Fv2%2Fmedia&parent=57381"}],"wp:term":[{"taxonomy":"product_brand","embeddable":true,"href":"https:\/\/aliftasansor.com\/index.php?rest_route=%2Fwp%2Fv2%2Fproduct_brand&post=57381"},{"taxonomy":"product_cat","embeddable":true,"href":"https:\/\/aliftasansor.com\/index.php?rest_route=%2Fwp%2Fv2%2Fproduct_cat&post=57381"},{"taxonomy":"product_tag","embeddable":true,"href":"https:\/\/aliftasansor.com\/index.php?rest_route=%2Fwp%2Fv2%2Fproduct_tag&post=57381"}],"curies":[{"name":"wp","href":"https:\/\/api.w.org\/{rel}","templated":true}]}}